 is the remainder when (15/p)/((-8)/(-48)) is divided by n?
3
Let h(v) = -11*v - 13 + 12*v - 18 + 10. Let t be h(12). What is the remainder when 33 is divided by (0 - (-2)/t) + (-260)/(-36)?
5
Suppose h = -0*h + 22. Suppose -3*f = 4*s + 55, -2*f - 2*s = 38 - 2. Let t = 76 + f. What is the remainder when t is divided by h?
15
Suppose -4 = 2*b + 4*j - 432, 4*b = 3*j + 867. Calculate the remainder when b is divided by 17.
12
Let p be (14 - 16) + (0 - 1)*-119. Let j = 1 + 2. Suppose 0 = y - 5*y + j*w + 95, -2*w - p = -5*y. Calculate the remainder when 65 is divided by y.
19
Suppose 0 = -3*w, 3*l = 3*w + 78 + 45. Let j = 1204 + -1115. What is the remainder when j is divided by l?
7
Let q(y) = 7*y - 33. Suppose -2*k - 3*l = -6*k - 229, -k - 4*l = 81. Let i = k + 74. Calculate the remainder when 173 is divided by q(i).
57
Suppose 2145 = 5*u - c, 4*u - 60*c + 57*c - 1716 = 0. What is the remainder when u is divided by 88?
77
Let m = 7 + -5. Let h be -4 + (1/3)/(5/60). Suppose 2*r + 222 - 232 = h. Calculate the remainder when r is divided by m.
1
Suppose 2*x = -4*q + 156, 0 = 3*x + q - 3*q - 218. Suppose 0 = 12*i - x - 334. What is the remainder when i is divided by 6?
4
Let o(j) = -4*j**2 + 40*j + 11. Let i be o(-5). Calculate the remainder when 3/(2 + i/146) is divided by 7.
6
Suppose 5*h + 2169 = 2284. What is the remainder when 298 is divided by h?
22
Suppose 160 = -14*v + 19*v. Let w(h) = h**3 - 32*h**2 + 2*h - 20. Calculate the remainder when 125 is divided by w(v).
37
Let u = -1687 + 1708. Calculate the remainder when (-2)/5 + 717/5 is divided by u.
17
Let p = -243637 + 243689. Let c = 30 - 10. Calculate the remainder when p is divided by 1 + 0 + c/2.
8
Suppose 75*l - 40*l - 595 = 0. Calculate the remainder when 70 is divided by l.
2
Let d(j) = 173 + 0*j**2 + 2*j**2 - 169 - 17*j. What is the remainder when 891/18 - 6/(-4) is divided by d(9)?
12
Suppose -9 = z + 3*i, 5*i - 3 + 18 = -4*z. Suppose -4*l = 9*y - 6*y - 87, z = -2*l + 4*y + 16. Calculate the remainder when 96 is divided by l.
6
Let g = -41 - -70. Let w = -252151 + 252254. Calculate the remainder when w is divided by g.
16
Suppose -9460 = -1217*q + 1197*q. What is the remainder when q is divided by 194?
85
Suppose 841*c - o = 845*c - 21197, -5*c = 3*o - 26505. What is the remainder when c is divided by 51?
45
Suppose 189 - 1764 = -35*o. Let i(p) = -13*p - 7. Calculate the remainder when o is divided by i(-2).
7
Let g = -11 + -905. Let x = g + 920. What is the remainder when x is divided by (0 - -1) + (0 - -2)?
1
Let g(j) = -193*j + 198. Calculate the remainder when g(-2) is divided by 24.
8
Let d be 108/8 - (-6)/(-4). Suppose -d*m - 28 = -14*m. Calculate the remainder when 97 is divided by m.
13
Let a = -121 - -440. Suppose 28*n - 39*n = -a. Calculate the remainder when 144 is divided by n.
28
Let n(f) = f**3 + 4*f**2 + 4*f - 5. Let b be n(-5). Calculate the remainder when (6/2)/((-15)/b) is divided by (18/24)/((-34)/(-8) + -4).
1
Suppose 0 = 3*r + 56 - 2. Let z(g) = 71*g - 968. Let j be z(13). Calculate the remainder when 10 is divided by 4/r - 325/j.
3
Calculate the remainder when 282 is divided by (5/((-75)/35))/((-5)/270).
30
Suppose 0 = -184*l + 35727 + 15609. Calculate the remainder when l is divided by 71.
66
Let q be (-174)/116*(-4)/3. Suppose -5*v - r + 4967 = 194, q*r = -4. Calculate the remainder when v is divided by 87.
85
Let l = 449 - 447. Suppose 0*f + f - 2*b - 152 = 0, 0 = -l*f - 2*b + 286. What is the remainder when f is divided by 50?
46
Let g be 5/2*(-108)/45. Calculate the remainder when 165 is divided by (9/g)/((-27)/(-36)) - -30.
25
Let r(x) = 210*x - 5. Let z be r(1). Suppose -15*j = -80 - z. What is the remainder when 90 is divided by j?
14
Let h(a) = 2*a**2 + 155*a + 2789. Calculate the remainder when 675 is divided by h(-28).
12
Let g be (-45)/1 - (5 - 0). Calculate the remainder when (4 + g/8)*16/(-6) is divided by 1.
0
Suppose 2*s + 26 = 4*j, -4*j + 2*s + 31 = s. Let k = -70 + 77. Suppose t + 3*i - k - 9 = 0, 0 = -t - 2*i + 16. What is the remainder when t is divided by j?
7
Suppose -62 = -14*v + 50. Suppose 15*d = 17*d - v. What is the remainder when 15 is divided by d?
3
Let t = 594 - 585. Suppose 4*i = w - 22, 5*i - t + 104 = 5*w. What is the remainder when 49 is divided by w?
13
Let g = 23525 - 23501. What is the remainder when 6189 is divided by g?
21
Let b(z) = -2*z**2. Let i(d) = -30*d**2 + 20*d + 7. Let v(l) = 2*b(l) - i(l). What is the remainder when v(4) is divided by 10?
9
Let z be ((-40)/(-50))/(4/10). Let d = 47 - z. Let u = d - -5. Calculate the remainder when u is divided by 19.
12
Suppose -3*a = 2*t + 66176, -4*a = t + 21175 + 11913. What is the remainder when t/(-77) + 2/7 is divided by 31?
27
Suppose 5*v = c - 0*c + 10, -5*v - 2*c = -10. Suppose -f = -2*t - 12, -5*f - v*t + 8 = t. What is the remainder when (-2)/f*(-14 + -2) + -2 is divided by 2?
0
Let i(w) = -4*w**2 + 87*w + 9. Calculate the remainder when i(16) is divided by 5.
2
Let v(x) = -2*x - 13. Let w be v(-8). What is the remainder when w + -6 + 92/1 is divided by ((-10)/25)/((-1)/5) - -16?
17
Let k = -2 - -47. What is the remainder when ((-1068)/(-18))/(((-4)/(-20))/((-6)/(-20))) is divided by k?
44
Let l = 88 - -12. Suppose 3*u + 5*f - 26 = -u, 0 = 2*u - 4*f. Suppose -u*s + b = -141, -4*s + 116 = 2*b + 2*b. Calculate the remainder when l is divided by s.
32
Suppose -26 = -5*f - 4*s, -1 - 3 = -4*f + s. Suppose -5*y + z - 150 = -f*z, -2*y - 76 = 2*z. Let h = y - -53. Calculate the remainder when 57 is divided by h.
17
Let p(k) = k**2 - 14*k + 38. Let h be p(12). Suppose 350 = h*f + 14. What is the remainder when f is divided by (2/(-1))/((-14)/35)?
4
Let c = 344 + -210. Calculate the remainder when c is divided by 14.
8
Let u(v) = 2*v - 11. Suppose 36 - 18 = 3*k. Let b be u(k). Calculate the remainder when 121 is divided by -3 + (5 - 1) - (-25 + b).
21
Let g be 1 + (-13)/((-65)/(-60)). Let l(x) = -2*x**3 - 23*x**2 - 26*x - 23. What is the remainder when l(g) is divided by 16?
14
Suppose 236 = -401*g + 3845. Calculate the remainder when (38/5)/(1/5) is divided by g.
2
Suppose -4*t - 20*f = -25*f - 658, 0 = 2*f + 4. Calculate the remainder when 310 is divided by t.
148
Let s = -470 - -865. Let d = s - 384. Calculate the remainder when d is divided by 10.
1
Suppose -49*c = -5*c - 155 - 4729. Calculate the remainder when 670 is divided by c.
4
Let s = -7804 - -8166. What is the remainder when 1822 is divided by s?
12
Suppose -5*t + 344 = -3*z, -3*z + 2*z = 5*t - 352. Calculate the remainder when 90 is divided by t.
20
Let b be (-81*(-28)/21)/((-5)/(-30)). Let o = -603 + b. Suppose 0 = 4*v - j - 335 - 12, 5*v + 2*j - 424 = 0. What is the remainder when v is divided by o?
41
Let g(u) = 121*u - 1264. What is the remainder when 649 is divided by g(11)?
46
Let b be (-3 - 0 - -4)*(-6)/2. Let i(r) = 19*r**2 - 11*r - 12. Calculate the remainder when i(b) is divided by (-735)/10*(-4)/6.
45
Suppose 4*n = 12*n - 24. Let v be (3/(-9))/(1/n). Calculate the remainder when 107 is divided by (-9)/(v*2/8).
35
Let n(q) = -2*q**3 - 16*q**2 - 12*q + 17. Let x be n(-7). Suppose -2*t = 3*v + t - 135, x*v - 2*t - 145 = 0. What is the remainder when 89 is divided by v?
42
Suppose -3 = -3*s, -597 = -2*w - 3*s + 9192. Calculate the remainder when w is divided by 79.
74
Let p(r) = r**3 + 3*r**2 + r - 17. Let t be p(-5). What is the remainder when 99 is divided by (-1)/(-4) + t/32 - -12?
9
Let m = -4011 - -4043. Calculate the remainder when 734 is divided by m.
30
Suppose -4*p - s + 18 = 0, 0 = 5*p + s - 6*s - 35. Suppose -p*m + 120 = 2*j + 3*j, 0 = -j - 5*m + 24. What is the remainder when 50 is divided by j?
2
Suppose -6*f - 6 = -9*f, 2*p - 3*f = 0. Let x be 0 + (2 + (-1 - 1))/p. Suppose -r + x*r + 7 = 0. What is the remainder when 88 is divided by r?
4
Let x be (-2)/(-2) - (-14 - -10). Suppose -104 = -x*r - 34. Calculate the remainder when 5*(-9)/((-45)/r) is divided by 4.
2
Suppose 17*n = 4*n. Suppose -11*v + 8*v = 0, n = -s + 4*v + 22. Calculate the remainder when ((-6)/(-5))/(2/55) is divided by s.
11
Suppose 0 = 5*h - 73 - 37. Let s = 465 + -252. Let q = s + -148. Calculate the remainder when q is divided by h.
21
Suppose 0 = -6*h + 2449 + 5897. What is the remainder when h is divided by 15?
11
Let m(